 is divided by (0 + 1)/(2/(-3) - -1).
0
Suppose -46 = -3*o + 5*b, 0*o - 2*o = 4*b - 38. Let j = 13 - 8. Let i(z) = z**2 - 5*z + 6. What is the remainder when o is divided by i(j)?
5
Let z(s) = s**3 + 5*s**2 - 8*s. Let c be z(-6). Suppose -3*q + c = q. Suppose 2*y = q*y - 46. Calculate the remainder when y is divided by 16.
14
Suppose -5*v = -4*j + j + 67, 5*j + v = 93. What is the remainder when j is divided by 5?
4
Suppose -8 - 1 = -3*h. Let w = -4 + 6. Calculate the remainder when h is divided by w.
1
Calculate the remainder when 71 is divided by (25/3)/((-6)/(-18)).
21
Calculate the remainder when ((-6)/(-4))/(8/240) is divided by 16.
13
Let f(i) be the second derivative of -i**5/20 + i**4/2 + i**3/2 - i. Calculate the remainder when f(6) is divided by 7.
4
Let m = 9 - -7. What is the remainder when 2 is divided by (-14)/(-8) + (-12)/m?
0
Suppose 0*d + 3*x = -3*d + 177, 3*d - 193 = x. What is the remainder when d is divided by 13?
11
Suppose 0 = -3*x + 2*v + 54, 68 = 5*x + 5*v - v. Suppose z = 3*z - x. Calculate the remainder when 21 is divided by z.
5
Suppose -15 = -3*b + 18. What is the remainder when b is divided by 5?
1
What is the remainder when 83 is divided by (12/(-21))/2 - (-800)/56?
13
Let x(w) = w**2 - 7*w - 9. What is the remainder when x(-4) is divided by 19?
16
Let y = 28 - 9. Suppose 0 = f + 2 - y. Suppose -5*o - 6*q + 4*q + 41 = 0, 0 = -4*q - 8. Calculate the remainder when f is divided by o.
8
Let g be 6 + 1 + 0 + -1. Suppose -22 = -4*n - 2. What is the remainder when ((-52)/6)/((-4)/g) is divided by n?
3
Suppose -4*t = 5*g + 84, 2*g + 35 = t - 4*t. Let w(y) = y + 19. Calculate the remainder when 5 is divided by w(g).
2
Suppose -i = -11 - 0. Calculate the remainder when 30 is divided by i.
8
Calculate the remainder when 39 is divided by 3 - 1/(-2)*22.
11
Suppose 0*n - 6 = 2*n, -37 = -5*p + 4*n. Suppose -p*j = -j. Suppose j = -4*x + 2*x + 22. Calculate the remainder when 21 is divided by x.
10
Suppose -7*c = -4*c - 12. Calculate the remainder when 7 is divided by 2*6/c + -1.
1
What is the remainder when 13 is divided by ((-3)/(12/(-32)))/1?
5
Suppose -4*r - r + 340 = 0. Let f = r + -36. Let p = -32 - -49. Calculate the remainder when f is divided by p.
15
Suppose -4 + 10 = t. Suppose t = -3*r + 4*r. What is the remainder when 15 is divided by r?
3
Let g be 1/(1/2*1). Let t be 1/4 + 14/(-56). Suppose g*w = -4*m - m + 14, w + 3*m - 8 = t. What is the remainder when 5 is divided by w?
1
Let u(p) = -p + 2. Suppose -2*g = 2*g + 16. Let j = 82 + -78. What is the remainder when u(g) is divided by j?
2
Let k = -44 + -16. Calculate the remainder when 3 is divided by 5/(k/(-9))*4.
0
Suppose -4*l + 58 = -2*u, 3*l - 5*u + 10 = 71. What is the remainder when l is divided by 4?
0
Let c = 1 - -10. Calculate the remainder when 41 is divided by c.
8
Let d(g) = 5*g - 30. What is the remainder when 122 is divided by d(11)?
22
Let b = -26 - -30. Calculate the remainder when b is divided by 1.
0
Let a(d) = -6*d + 11. What is the remainder when a(-7) is divided by 8?
5
Let u(l) = -l**3 - 6*l**2 + 2*l + 9. Let x(n) = -n + 15. What is the remainder when u(-7) is divided by x(0)?
14
Let k be 4*((-118)/8 - -2). Let b(x) = 33*x - 2. Let u be b(-3). Let f = k - u. Calculate the remainder when f is divided by 17.
16
Suppose i = 3*g + 15, 0 = 2*g - 0 - 4. Calculate the remainder when ((-78)/4)/((-2)/4) is divided by i.
18
Suppose -5*b + 3*b + 210 = 2*j, j - 125 = 3*b. Calculate the remainder when j is divided by 37.
36
Suppose -8 = 7*z - 11*z, 0 = -5*l - 3*z + 501. What is the remainder when l is divided by 51?
48
What is the remainder when (-1700)/(-8) - (-5)/(-10) is divided by 18?
14
Suppose 2 = -10*j + 72. Calculate the remainder when 76 is divided by j.
6
Let p(l) = -l**3 + 9*l**2 - l + 9. Let q be p(9). Let f = q - -3. Calculate the remainder when 5 is divided by f.
2
Let m(x) = 2*x**2 + 3*x + 5. Suppose 3*b = 4*w - 26, -13 = -3*w - b - 0*b. Let r = 19 - w. Calculate the remainder when m(-5) is divided by r.
12
Let c = -2 - -4. Suppose 5*l = c*x + 69, -2*l - 2*l + 2*x = -54. Suppose -3*j = j - 32. Calculate the remainder when l is divided by j.
7
Let m = -6 + 17. Let q be (-9 + 3)/(2/(-10)). Suppose -r + q = 4*r. What is the remainder when m is divided by r?
5
Suppose -70 = 2*w - 7*w. Let v = 16 + -14. Suppose 60 = v*q + 8. What is the remainder when q is divided by w?
12
Suppose 11*z - 3*z - 120 = 0. What is the remainder when 27 is divided by z?
12
Let x(v) = 2*v**2 + 2*v. What is the remainder when 58 is divided by x(-3)?
10
Suppose -6*q + 123 = -111. What is the remainder when q is divided by 10?
9
Suppose 80 = -7*o + 12*o. Calculate the remainder when o is divided by 6.
4
Suppose 3*g = 5 + 67. Suppose -2*d = 8 - g. Let t = 33 + -11. Calculate the remainder when t is divided by d.
6
Let y(l) = 15*l**2 - l. Suppose -3 = -2*z - 1. Suppose 0 = 4*s - 3*r - 23, -2*s + s + z = 4*r. Calculate the remainder when y(1) is divided by s.
4
Let q(x) = 21*x**2 + 2*x + 3. Calculate the remainder when q(-2) is divided by 28.
27
Suppose -5*a - 1 = 4. Let r(t) = -18*t + 1. Calculate the remainder when r(a) is divided by 5.
4
Let w(m) = -m - 12. Let s be w(-6). Let u = 9 + -9. What is the remainder when (u - -24)*s/(-12) is divided by 7?
5
Suppose -52 = -4*w + 2*w - 4*s, -5*w - 5*s + 115 = 0. What is the remainder when 139 is divided by w?
19
Suppose 5*n - 2*o - 113 + 15 = 0, 5*o + 110 = 5*n. What is the remainder when n is divided by 5?
3
Let n = -114 + 364. Calculate the remainder when n is divided by 63.
61
Suppose -x + 8 = -2. Let w be 6/(-2) - 1 - -7. Suppose w*c - x = 2*c. Calculate the remainder when c is divided by 3.
1
Suppose 19 + 6 = 5*k. What is the remainder when 24 is divided by k?
4
Let i be -1 + 3 - (-10 - -10). Suppose -i*z = 2*z - 8. What is the remainder when z is divided by 1?
0
Let w(j) = 38*j**3 + j**2 - j. What is the remainder when w(1) is divided by 5?
3
Suppose 5*b + 3*i + 5 = 6*i, -4*b - 31 = 3*i. Let p be (-2)/b - (-7)/2. What is the remainder when p/(-3)*69/(-2) is divided by 16?
14
Let n = -3 - -8. Suppose 4*i - 5*o = i + 28, 25 = -n*o. Suppose j - 2 + 1 = 0. Calculate the remainder when i is divided by j.
0
Let v(q) = 2*q**2 + q + 65. What is the remainder when v(0) is divided by 17?
14
Let u(t) = t**3 + t**2 - 4*t - 2. Let k be u(-3). Let n = 11 + k. Suppose d - 2 = 4*b - 23, -4*b = n*d - 17. Calculate the remainder when 14 is divided by b.
4
Suppose i = t - 18, -4*i - 54 = 2*t - 5*t. What is the remainder when t is divided by 8?
2
Suppose 56 = -0*j + 2*j. Let n be (3/(-2))/((-21)/j). Suppose -3 = -n*o + o. What is the remainder when 5 is divided by o?
2
Let z(o) = -9 - 2*o**3 - 8*o**2 + 4*o**3 - 3*o**3 - 11*o. Let l(h) = -4*h - 3. Let t be l(1). Calculate the remainder when 37 is divided by z(t).
18
Let p be -1*3 + 2 + 17. Let n = 22 - p. Calculate the remainder when 11 is divided by n.
5
Suppose -27*t - 114 = -33*t. Calculate the remainder when 112 is divided by t.
17
Suppose 90 = 2*k - 7*k. Let q = 28 + k. What is the remainder when q is divided by 4?
2
Calculate the remainder when 38/(-2 - 0)*-1 is divided by 7.
5
Let t = -186 - -280. Calculate the remainder when t is divided by ((-54)/21)/(50/56 - 1).
22
Let c be (1 - -1) + 2 + -2. Suppose p = 3*j - c*p - 21, -2*j + 2 = p. Suppose 3*o + 0*h + 4*h - 25 = 0, 2 = -h. Calculate the remainder when o is divided by j.
2
Let p(z) be the third derivative of z**4/8 + z**3/6 - z**2. Calculate the remainder when 26/4 + 2/4 is divided by p(1).
3
Suppose -j - 2*n = n - 2, -2*j + 5 = 5*n. Suppose 4*x + 3*h + 7 = 0, -x - 4*x = 3*h + 5. Calculate the remainder when j is divided by x.
1
Let g = 0 + 2. Suppose 2*y - 101 = -g*y - 5*l, 3*l + 67 = 2*y. Suppose -46 = -4*n - 6. What is the remainder when y is divided by n?
9
Let u be -2 - -80 - (-2 + 2). Let w = -54 + u. Calculate the remainder when 46 is divided by w.
22
Let n = -80 + 153. What is the remainder when n is divided by 19?
16
Suppose -5*o + 69 = -11. Let c = -2 + o. Suppose b = -0*b + j + 9, -3*b - 3*j = -3. Calculate the remainder when c is divided by b.
4
Let h(d) = -32*d + 2. Let j(m) = -31*m + 3. Let q(p) = 3*h(p) - 2*j(p). What is the remainder when q(-1) is divided by 12?
10
Suppose w - 4 = -1. Suppose -w*l - 5*c = l - 12, 5*